hat is the hundred millions digit of 176630980?
1
What is the ten millions digit of 596279588?
9
What is the ten millions digit of 660741428?
6
What is the thousands digit of 573449437?
9
What is the tens digit of 675028642?
4
What is the ten thousands digit of 1055361042?
6
What is the hundred millions digit of 102761486?
1
What is the units digit of 343991740?
0
What is the millions digit of 106077269?
6
What is the units digit of 230849403?
3
What is the units digit of 9304785?
5
What is the hundreds digit of 112079696?
6
What is the hundred millions digit of 2357452465?
3
What is the tens digit of 9928418?
1
What is the hundreds digit of 1936190137?
1
What is the tens digit of 387466675?
7
What is the thousands digit of 1193115930?
5
What is the tens digit of 27859016?
1
What is the tens digit of 2268368126?
2
What is the hundred millions digit of 296963776?
2
What is the thousands digit of 30018397?
8
What is the hundred thousands digit of 269487290?
4
What is the hundred millions digit of 768954036?
7
What is the millions digit of 969648713?
9
What is the units digit of 1655365627?
7
What is the ten thousands digit of 3485373055?
7
What is the ten thousands digit of 2930990558?
9
What is the ten millions digit of 6156274799?
5
What is the ten thousands digit of 456888218?
8
What is the ten thousands digit of 489875?
8
What is the units digit of 67602291?
1
What is the thousands digit of 277550?
7
What is the ten thousands digit of 49180509?
8
What is the units digit of 985560870?
0
What is the ten thousands digit of 103185668?
8
What is the millions digit of 38207630?
8
What is the millions digit of 34535829?
4
What is the ten thousands digit of 6143553?
4
What is the hundreds digit of 86090198?
1
What is the hundreds digit of 184193052?
0
What is the millions digit of 867678421?
7
What is the thousands digit of 132922216?
2
What is the millions digit of 58412442?
8
What is the hundred thousands digit of 1113418714?
4
What is the hundreds digit of 84813623?
6
What is the hundred thousands digit of 2210175?
2
What is the millions digit of 216183330?
6
What is the tens digit of 64223782?
8
What is the thousands digit of 67346154?
6
What is the hundreds digit of 24273487?
4
What is the tens digit of 42876008?
0
What is the millions digit of 87731404?
7
What is the hundreds digit of 223806223?
2
What is the hundreds digit of 2482626?
6
What is the hundred thousands digit of 23414403?
4
What is the ten thousands digit of 975513002?
1
What is the billions digit of 2250551575?
2
What is the tens digit of 1755354452?
5
What is the ten millions digit of 1536619293?
3
What is the tens digit of 140234?
3
What is the ten thousands digit of 7248582087?
8
What is the thousands digit of 405866237?
6
What is the ten millions digit of 38485296?
3
What is the tens digit of 1437067236?
3
What is the millions digit of 176898588?
6
What is the hundreds digit of 303577725?
7
What is the ten millions digit of 4409498956?
0
What is the hundred millions digit of 2723477914?
7
What is the tens digit of 2107957302?
0
What is the ten thousands digit of 160093244?
9
What is the units digit of 2211840582?
2
What is the ten thousands digit of 704582826?
8
What is the ten thousands digit of 27969949?
6
What is the hundred thousands digit of 2030061934?
0
What is the ten thousands digit of 2374132409?
3
What is the thousands digit of 86770923?
0
What is the hundred thousands digit of 609341181?
3
What is the hundreds digit of 286498661?
6
What is the tens digit of 199430894?
9
What is the hundreds digit of 2160502?
5
What is the tens digit of 642580229?
2
What is the hundreds digit of 9298888?
8
What is the thousands digit of 91422010?
2
What is the millions digit of 339346142?
9
What is the units digit of 1617186354?
4
What is the tens digit of 360328834?
3
What is the units digit of 122423419?
9
What is the ten millions digit of 296020085?
9
What is the ten thousands digit of 61281805?
8
What is the ten millions digit of 1565869291?
6
What is the thousands digit of 21809188?
9
What is the millions digit of 271678786?
1
What is the ten millions digit of 82534034?
8
What is the units digit of 298291929?
9
What is the millions digit of 90307965?
0
What is the thousands digit of 476408137?
8
What is the thousands digit of 40995051?
5
What is the ten thousands digit of 18088031?
8
What is the hundreds digit of 137177094?
0
What is the ten thousands digit of 2522173?
2
What is the ten thousands digit of 33748785?
4
What is the tens digit of 45743002?
0
What is the ten millions digit of 113342829?
1
What is the units digit of 164171907?
7
What is the ten thousands digit of 75919548?
1
What is the ten thousands digit of 3049294175?
9
What is the hundreds digit of 602822887?
8
What is the ten thousands digit of 488726997?
2
What is the units digit of 132507903?
3
What is the hundreds digit of 53180511?
5
What is the ten millions digit of 442605221?
4
What is the ten thousands digit of 136082862?
8
What is the hundreds digit of 97464525?
5
What is the ten thousands digit of 127389662?
8
What is the units digit of 87814836?
6
What is the ten millions digit of 275241452?
7
What is the tens digit of 1311587969?
6
What is the hundreds digit of 1510158316?
3
What is the tens digit of 907658186?
8
What is the millions digit of 1018075026?
8
What is the thousands digit of 257163265?
3
What is the thousands digit of 2753820080?
0
What is the tens digit of 11145830?
3
What is the tens digit of 762725174?
7
What is the units digit of 363144945?
5
What is the hundred millions digit of 108206623?
1
What is the millions digit of 2744503?
2
What is the millions digit of 32016497?
2
What is the tens digit of 88714032?
3
What is the hundreds digit of 246381260?
2
What is the ten thousands digit of 1289235697?
3
What is the thousands digit of 3939556?
9
What is the tens digit of 60621683?
8
What is the units digit of 614638190?
0
What is the hundreds digit of 1320955313?
3
What is the ten thousands digit of 778402868?
0
What is the millions digit of 323419253?
3
What is the ten thousands digit of 133412584?
1
What is the ten thousands digit of 25992711?
9
What is the hundreds digit of 51604246?
2
What is the ten thousands digit of 5268387319?
8
What is the tens digit of 861226612?
1
What is the hundred thousands digit of 259415506?
4
What is the tens digit of 102045455?
5
What is the ten millions digit of 644398778?
4
What is the ten thousands digit of 1645321630?
2
What is the thousands digit of 201147284?
7
What is the hundred millions digit of 543658726?
5
What is the millions digit of 66825267?
6
What is the units digit of 2112170103?
3
What is the hundreds digit of 197792154?
1
What is the millions digit of 895797906?
5
What is the millions digit of 52145691?
2
What is the hundreds digit of 247525620?
6
What is the units digit of 26885478?
8
What is the units digit of 325675956?
6
What is the tens digit of 648213409?
0
What is the hundred millions digit of 2161731978?
1
What is the ten thousands digit of 1975721262?
2
What is the thousands digit of 170852761?
2
What is the ten thousands digit of 15461543?
6
What is the hundreds digit of 7518977165?
1
What is the units digit of 435645610?
0
What is the thousands digit of 268462391?
2
What is the tens digit of 37842456?
5
What is the hundreds digit of 196952507?
5
What is the hundred millions digit of 646177343?
6
What is the millions digit of 1031155309?
1
What is the thousands digit of 246028587?
8
What is the hundred millions digit of 182572100?
1
What is the ten millions digit of 287487347?
8
What is the tens digit of 122113426?
2
What is the millions digit of 83856993?
3
What is the millions digit of 44814228?
4
What is the tens digit of 76954662?
6
What is the ten thousands digit of 250627729?
2
What is the hundred thousands digit of 260684942?
6
What is the hundred millions digit of 162095184?
1
What is the hundred thousands digit of 1516810397?
8
What is the hundred thousands digit of 25870835?
8
What is the units digit of 70382618?
8
What is the thousands digit of 70775349?
5
What is the units digit of 3013161?
1
What is the tens digit of 152859485?
8
What is the hundred millions digit of 163675905?
1
What is the ten thousands 